91?
1
What is the units digit of 6526?
6
What is the ten thousands digit of 50657?
5
What is the units digit of 1520?
0
What is the ten thousands digit of 10128?
1
What is the tens digit of 87?
8
What is the tens digit of 18780?
8
What is the tens digit of 95660?
6
What is the thousands digit of 1994?
1
What is the hundreds digit of 56972?
9
What is the hundreds digit of 3016?
0
What is the hundreds digit of 1395?
3
What is the tens digit of 25023?
2
What is the units digit of 27318?
8
What is the units digit of 4941?
1
What is the thousands digit of 37885?
7
What is the hundreds digit of 952?
9
What is the thousands digit of 9418?
9
What is the tens digit of 1286?
8
What is the thousands digit of 10065?
0
What is the tens digit of 8907?
0
What is the thousands digit of 1711?
1
What is the hundreds digit of 14537?
5
What is the hundreds digit of 2678?
6
What is the hundreds digit of 3193?
1
What is the hundreds digit of 10099?
0
What is the tens digit of 29834?
3
What is the tens digit of 237?
3
What is the units digit of 290?
0
What is the tens digit of 13?
1
What is the tens digit of 120?
2
What is the units digit of 391?
1
What is the units digit of 685?
5
What is the thousands digit of 12141?
2
What is the tens digit of 978?
7
What is the hundreds digit of 8607?
6
What is the tens digit of 9954?
5
What is the thousands digit of 1236?
1
What is the hundreds digit of 2703?
7
What is the tens digit of 858?
5
What is the tens digit of 898?
9
What is the units digit of 947?
7
What is the hundreds digit of 1087?
0
What is the hundreds digit of 1527?
5
What is the tens digit of 22833?
3
What is the hundreds digit of 2294?
2
What is the tens digit of 1557?
5
What is the hundreds digit of 1658?
6
What is the units digit of 18586?
6
What is the hundreds digit of 4126?
1
What is the units digit of 660?
0
What is the ten thousands digit of 13206?
1
What is the hundreds digit of 7334?
3
What is the units digit of 928?
8
What is the units digit of 97174?
4
What is the units digit of 7396?
6
What is the units digit of 6349?
9
What is the ten thousands digit of 74640?
7
What is the units digit of 78392?
2
What is the hundreds digit of 3392?
3
What is the units digit of 7074?
4
What is the thousands digit of 5751?
5
What is the thousands digit of 8774?
8
What is the tens digit of 29683?
8
What is the units digit of 241?
1
What is the hundreds digit of 11827?
8
What is the tens digit of 58?
5
What is the ten thousands digit of 17185?
1
What is the hundreds digit of 6023?
0
What is the tens digit of 60?
6
What is the units digit of 32822?
2
What is the tens digit of 93?
9
What is the units digit of 21193?
3
What is the tens digit of 15?
1
What is the tens digit of 33870?
7
What is the thousands digit of 14680?
4
What is the tens digit of 6323?
2
What is the tens digit of 8876?
7
What is the ten thousands digit of 108709?
0
What is the hundreds digit of 5312?
3
What is the tens digit of 73079?
7
What is the units digit of 17433?
3
What is the units digit of 1201?
1
What is the thousands digit of 2734?
2
What is the thousands digit of 10223?
0
What is the units digit of 1587?
7
What is the thousands digit of 70354?
0
What is the ten thousands digit of 43561?
4
What is the units digit of 76776?
6
What is the hundreds digit of 754?
7
What is the units digit of 17154?
4
What is the units digit of 9664?
4
What is the tens digit of 1531?
3
What is the ten thousands digit of 15627?
1
What is the units digit of 2476?
6
What is the thousands digit of 23979?
3
What is the thousands digit of 17409?
7
What is the ten thousands digit of 19370?
1
What is the hundreds digit of 199?
1
What is the hundreds digit of 9071?
0
What is the units digit of 758?
8
What is the hundreds digit of 529?
5
What is the units digit of 4798?
8
What is the tens digit of 2172?
7
What is the ten thousands digit of 58371?
5
What is the hundreds digit of 4241?
2
What is the hundreds digit of 22493?
4
What is the ten thousands digit of 61705?
6
What is the units digit of 5821?
1
What is the tens digit of 136?
3
What is the thousands digit of 35982?
5
What is the thousands digit of 34434?
4
What is the tens digit of 4440?
4
What is the thousands digit of 14356?
4
What is the units digit of 26418?
8
What is the hundreds digit of 925?
9
What is the units digit of 32289?
9
What is the hundreds digit of 1862?
8
What is the hundreds digit of 32712?
7
What is the tens digit of 34331?
3
What is the units digit of 25098?
8
What is the hundreds digit of 476?
4
What is the hundreds digit of 213?
2
What is the ten thousands digit of 138441?
3
What is the tens digit of 57001?
0
What is the thousands digit of 5814?
5
What is the tens digit of 2603?
0
What is the thousands digit of 12715?
2
What is the thousands digit of 2015?
2
What is the hundreds digit of 26757?
7
What is the hundreds digit of 1221?
2
What is the tens digit of 9528?
2
What is the tens digit of 6340?
4
What is the tens digit of 838?
3
What is the ten thousands digit of 10000?
1
What is the hundreds digit of 9606?
6
What is the units digit of 3254?
4
What is the tens digit of 810?
1
What is the ten thousands digit of 11632?
1
What is the hundreds digit of 18867?
8
What is the thousands digit of 8051?
8
What is the tens digit of 31489?
8
What is the units digit of 48696?
6
What is the tens digit of 253?
5
What is the units digit of 887?
7
What is the hundreds digit of 330?
3
What is the hundreds digit of 396?
3
What is the tens digit of 19631?
3
What is the units digit of 8828?
8
What is the tens digit of 1778?
7
What is the ten thousands digit of 70622?
7
What is the hundreds digit of 3781?
7
What is the hundreds digit of 1402?
4
What is the tens digit of 693?
9
What is the units digit of 873?
3
What is the thousands digit of 8505?
8
What is the tens digit of 2444?
4
What is the units digit of 2252?
2
What is the units digit of 707?
7
What is the thousands digit of 5260?
5
What is the hundreds digit of 1225?
2
What is the tens digit of 4551?
5
What is the units digit of 9912?
2
What is the tens digit of 9970?
7
What is the hundreds digit of 296?
2
What is the units digit of 98035?
5
What is the thousands digit of 30621?
0
What is the units digit of 3212?
2
What is the units digit of 13979?
9
What is the hundreds digit of 23552?
5
What is the tens digit of 5818?
1
What is the thousands digit of 19508?
9
What is the units digit of 537?
7
What is the tens digit of 9924?
2
What is the units digit of 903?
3
What is the units digit of 123230?
0
What is the thousands digit of 113575?
3
What is the units digit of 22?
2
What is the tens digit of 427?
2
What is the hundreds digit of 152?
1
What is the hundreds digit of 2852?
8
What is the thousands digit of 57218?
7
What is the hundreds digit of 53390?
3
What is the units digit of 596?
6
What is the hundreds digit of 14064?
0
What is the units digit of 1326?
6
What is the units digit of 4244?
4
What is the tens digit of 246?
4
What is the thousands digit of 6012?
6
What is the tens digit of 32673?
7
What is the hundreds digit of 1169?
1
What is the thousands digit of 7341?
7
What is the hundreds digit of 8074?
0
What is the thousands digit of 23823?
3
What is the units digit of 53?
3
What is the tens digit of 8742?
4
What is the units digit of 516?
6
What is the units digit of 32949?
9
What is the thousands digit of 7020?
7
What is the thousands digit of 18558?
8
What is the units digit of 4932?
2
What is the thousands digit of 2251?
2
What is the tens digit of 9734?
3
What is the tens digit of 683?
8
What is the tens digit of 969?
6
What is the units digit of 1280?
0
What is the ten thousands digit of 32015?
3
What is the hundreds digit of 107290?
2
What is the units digit of 341?
1
What is the tens digit of 210?
1
What is the thousands digit of 6206?
6
What is the tens digit of 1365?
6
What is the ten thousands digit of 77005?
7
What is the ten thousands digit of 141005?
4
What is the tens digit of 520?
2
What is the units digit of 299?
9
What is the tens digit of 6256?
5
What is the units digit of 622?
2
What is the thousands digit of 5739?
5
What is the thousands digit of 205957?
5
What is the hundreds digit of 1451?
4
What is the units digit of 14079?
9
What is the hundreds digit of 34322?
3
Wha